{"id":2,"date":"2015-05-07T05:24:08","date_gmt":"2015-05-07T05:24:08","guid":{"rendered":"http:\/\/localhost\/wordpress\/?page_id=2"},"modified":"2015-08-29T11:43:03","modified_gmt":"2015-08-29T09:43:03","slug":"sample-page","status":"publish","type":"page","link":"http:\/\/institutionen-und-alltag.dordetomic.de\/","title":{"rendered":"Das Projekt"},"content":{"rendered":"<p style=\"text-align: justify;\"><strong>Institutioneller Alltag im sozialistischen Jugoslawien: Die Gemeinden Tuzla, Ohrid und Kragujevac (1950-1980)<\/strong><\/p>\n<p style=\"text-align: justify;\">Mittels eines mikrohistorischen und akteursorientierten Blicks auf den institutionellen Alltag in drei Gemeinden des sozialistischen Jugoslawiens &#8211; Tuzla, Ohrid und Kragujevac &#8211; sollen bestehende Narrative \u00fcber dessen Geschichte als &#8222;Vorgeschichte des Staatszerfalls&#8220; kritisch hinterfragt und empirisch auf die Probe gestellt werden. Von der Gemeindeebene ausgehend soll die jugoslawische Heterogenit\u00e4t sowohl im Hinblick auf die verschiedenen &#8222;Alltage&#8220; der Menschen als auch etwa die lokalen Unterschiede in der Durchherrschung der Gesellschaft durch das Partei- und Staatsapparat untersucht und die These \u00fcber die infolge der zunehmenden Dezentralisierung und F\u00f6deralisierung Jugoslawiens entstandenen &#8222;sechs oder sogar acht Sozialismen&#8220; in den verschiedenen Republiken und autonomen Provinzen \u00fcberpr\u00fcft werden. Das beabsichtigte Ergebnis des Vorhabens ist eine neue Geschichte des jugoslawischen Sozialismus, die eine Beseitigung der bestehenden empirischen, aber auch methodischen Leerstelle zwischen den \u00e4lteren sozialwissenschaftlichen und\/oder politikgeschichtlichen Studien und den neueren Forschungsarbeiten der Kultur- und Alltagsgeschichte des Sozialismus (nicht nur) in Jugoslawien darstellt. W\u00e4hrend die ersteren vorwiegend das &#8222;System&#8220; beschrieben, untersuchten die letzteren prim\u00e4r den sozialistischen Alltag der (einfachen) Menschen. Anstatt implizit oder explizit eine Dichotomie zwischen &#8222;Alltag&#8220; und\/oder &#8222;Praxis&#8220; und der sozialistischen &#8222;Ideologie&#8220;, &#8222;Politik&#8220; etc. zu postulieren, richtet das Vorhaben den Blick auf die Menschen und ihren Alltag im politischen und wirtschaftlichen System. Das Vorhaben soll dazu folgende Fragen beantworten: Wie funktionierte das politische und wirtschaftliche System des sozialistischen Jugoslawiens? Wer waren die Akteure an der &#8222;Basis&#8220;, die s\u00e4mtliche Ver\u00e4nderungen des sich st\u00e4ndig wandelnden Systems umzusetzen, mitzutragen und schlie\u00dflich zu verinnerlichen hatten? Wie lebten die Menschen in dem und durch das h\u00f6chst komplexe Institutionengef\u00fcge, wie sah ihre Praxis auf kommunaler Ebene aus und wie nahmen sie diese wahr? Inwieweit war der institutionelle Alltag &#8222;ideologisch&#8220; bestimmt oder standen vielmehr konkrete Probleme und L\u00f6sungen im Mittelpunkt? Welche Bedeutung hatte dabei der jugoslawische F\u00f6deralismus? Wie gro\u00df waren auf Gemeindeebene die Gemeinsamkeiten und wie gro\u00df die Unterschiede in Bezug auf die Praxis der Institutionen in den verschiedenen f\u00f6deralen Einheiten? Die Beantwortung dieser Fragen soll allgemein zu einem besseren Verst\u00e4ndnis der Bedeutung von Institutionen f\u00fcr gesellschaftlichen Zusammenhalt beitragen. Sowohl die empirischen Ergebnisse als auch theoretischen und methodischen \u00dcberlegungen etwa zur Frage nach dem Verh\u00e4ltnis Strukturen-Akteure bei der Analyse von Institutionen sollen schlie\u00dflich neue M\u00f6glichkeiten aufzeigen, wie sich Geschichte der Menschen als Geschichte von Institutionen erz\u00e4hlen l\u00e4sst.<\/p>\n<p style=\"text-align: justify;\">Dazu wird w\u00e4hrend des dreij\u00e4hrigen F\u00f6rderzeitraumes in drei vergleichenden Studien das allt\u00e4gliche Leben der Menschen in und durch Institutionen in drei Bereichen (Politik, Wirtschaft und Sport) in je drei Gemeinden (Tuzla, Ohrid und Kragujevac) mit der Ber\u00fccksichtigung von drei analytischen Aspekten (Institutionen, Alltag und F\u00f6deralismus) untersucht. Der als gemeinsamer Rahmen vorgegebene Untersuchungszeitraum umfasst drei Jahrzehnte: von der Einf\u00fchrung der betrieblichen Selbstverwaltung 1950 bis zu den gro\u00dfen Ver\u00e4nderungen des politischen und wirtschaftlichen Systems in den 1970er Jahren wie der neuen jugoslawischen Verfassung (1974) und dem Gesetz \u00fcber vereinigte\/assoziierte Arbeit (1976).<\/p>\n<p><span style=\"color: #003366;\"><strong>Zur ausf\u00fchrlichen Projektbeschreibung&#8230;<\/strong><\/span><\/p>\n","protected":false},"excerpt":{"rendered":"<p>Institutioneller Alltag im sozialistischen Jugoslawien: Die Gemeinden Tuzla, Ohrid und Kragujevac (1950-1980) Mittels eines mikrohistorischen und akteursorientierten Blicks auf den institutionellen Alltag in drei Gemeinden des sozialistischen Jugoslawiens &#8211; Tuzla, Ohrid und Kragujevac &#8211; sollen bestehende Narrative \u00fcber dessen Geschichte als &#8222;Vorgeschichte des Staatszerfalls&#8220; kritisch hinterfragt und empirisch auf die [&hellip;]<\/p>\n","protected":false},"author":1,"featured_media":0,"parent":0,"menu_order":1,"comment_status":"closed","ping_status":"closed","template":"","meta":{"footnotes":""},"class_list":["post-2","page","type-page","status-publish","hentry"],"_links":{"self":[{"href":"http:\/\/institutionen-und-alltag.dordetomic.de\/index.php?rest_route=\/wp\/v2\/pages\/2"}],"collection":[{"href":"http:\/\/institutionen-und-alltag.dordetomic.de\/index.php?rest_route=\/wp\/v2\/pages"}],"about":[{"href":"http:\/\/institutionen-und-alltag.dordetomic.de\/index.php?rest_route=\/wp\/v2\/types\/page"}],"author":[{"embeddable":true,"href":"http:\/\/institutionen-und-alltag.dordetomic.de\/index.php?rest_route=\/wp\/v2\/users\/1"}],"replies":[{"embeddable":true,"href":"http:\/\/institutionen-und-alltag.dordetomic.de\/index.php?rest_route=%2Fwp%2Fv2%2Fcomments&post=2"}],"version-history":[{"count":5,"href":"http:\/\/institutionen-und-alltag.dordetomic.de\/index.php?rest_route=\/wp\/v2\/pages\/2\/revisions"}],"predecessor-version":[{"id":103,"href":"http:\/\/institutionen-und-alltag.dordetomic.de\/index.php?rest_route=\/wp\/v2\/pages\/2\/revisions\/103"}],"wp:attachment":[{"href":"http:\/\/institutionen-und-alltag.dordetomic.de\/index.php?rest_route=%2Fwp%2Fv2%2Fmedia&parent=2"}],"curies":[{"name":"wp","href":"https:\/\/api.w.org\/{rel}","templated":true}]}}